pose 9*g - 12*g = t. Suppose u + 166 = -0*v + 3*v, g = u + 1. Calculate the highest common factor of 22 and v.
11
Suppose 3*x = -0*x + 150. Let g(c) = 4*c**2 + 14*c - 34. Let r = 259 - 257. Let t be g(r). Calculate the highest common factor of t and x.
10
Suppose 0 = -3*p - 2*z + 68, -53 = -4*p + 4*z + 31. What is the highest common divisor of 495 and p?
11
Let u be 42/(-6) - -7 - -9. Suppose -2*h - 8 = 0, u*k + 4*h - 84 = 5*k. Calculate the highest common factor of k and 225.
25
Let c(n) = n**3 + 2*n**2 - n + 46. Let x be (-14)/(-35) + (2/(-5) - 0). Let a be c(x). Calculate the greatest common factor of 184 and a.
46
Suppose v + 2 + 9 = 0. Let x be 30*v/((-220)/12). What is the greatest common factor of 288 and x?
18
Let c(v) = -2*v**3 - v**2 + v + 2. Suppose 9 = -11*y - 2. Let j be c(y). Suppose -j*h + 52 = 22. Calculate the highest common factor of h and 45.
15
Suppose -2*b + 48 = 134. Let o = b + 64. Let u(t) = 17*t + 130. Let w be u(-6). What is the greatest common divisor of o and w?
7
Let o be 5 + (-210)/40 + ((-20)/(-16) - 1). Suppose -3*d + 36 = -d. Suppose o = 6*j - d - 36. What is the highest common factor of 3 and j?
3
Let o(w) = 83*w - 2622. Let x be o(32). What is the highest common divisor of x and 1598?
34
Let j(c) = 18*c - 54. Let h(s) = 9*s - 26. Let a(r) = -9*h(r) + 5*j(r). Let g be a(17). What is the greatest common factor of 195 and g?
39
Let l(s) = 18*s**3 - 2*s**2 + 4*s - 7. Let c be l(2). Let q = c - 88. What is the highest common factor of q and 441?
49
Suppose 9*h - 7590 = -13*h. Let q = h - -18. Calculate the greatest common divisor of q and 33.
33
Let t = -360 + 480. Let j(f) = -f**3 + 7*f**2 - 5*f + 2. Let r be j(4). Calculate the highest common divisor of r and t.
30
Suppose -12*d - 75 = -17*d. Let v = 459 - 144. What is the greatest common divisor of d and v?
15
Let h(j) = 10*j + 353 - 704 + 357 + j**2. Let g be h(-10). What is the greatest common divisor of g and 24?
6
Let k = -141 + 146. Let b be (k + (-8)/(-12) - 5)*84. Calculate the greatest common factor of 16 and b.
8
Suppose 340 = 8*b - 180. Suppose 0 = -v - i - 28 + b, 146 = 3*v - 4*i. What is the greatest common factor of v and 448?
14
Suppose 107*g - 5640 = -24*g + 37*g. What is the highest common factor of 1280 and g?
20
Let r = -768 - -1186. Let f = 432 - r. What is the greatest common divisor of 35 and f?
7
Suppose -3*c = 4*o - 83845, -248*o + 245*o + 62883 = 3*c. What is the greatest common divisor of o and 94?
94
Let x = -67 - -72. Let o(h) be the second derivative of 7*h**5/10 + h**3/6 + 7*h. Let p be o(1). Calculate the highest common divisor of x and p.
5
Let a(f) = 8*f + 49. Let c be a(15). Let k = c + -154. What is the highest common divisor of k and 35?
5
Let m = -3542 - -6215. Calculate the highest common factor of 198 and m.
99
Let i(k) = -k**2 - 18*k + 37. Let c be i(-19). Suppose 14*o + 2976 = c*o. Calculate the highest common divisor of 24 and o.
24
Let j be 9 + -16*(-7)/(-14). Calculate the highest common factor of j and 9.
1
Let x be (-1208)/(-1) + (145 - 134). What is the highest common factor of x and 69?
23
Suppose 5*t - 14*f - 32999 = 0, 54*f - 51*f = 5*t - 32933. Calculate the greatest common divisor of t and 29.
29
Let v be 3*(-56336)/(-105) + (-3)/5. Suppose -2799 = -2*f + v. What is the greatest common divisor of 19 and f?
19
Let o = 20553 + -10005. What is the greatest common divisor of 36 and o?
36
Suppose f = -0*v + 3*v - 142, -4*v + 4*f = -200. Let p be 1/(12 + (-7163)/598). What is the greatest common divisor of v and p?
46
Suppose -3800*h + 192 = -3788*h. Calculate the highest common divisor of 184 and h.
8
Suppose -4*i + 3*d = -16065, 4011 = 24*i - 23*i + d. What is the highest common divisor of i and 223?
223
Let k be 5/(4257/324 - 13). Calculate the greatest common divisor of 20772 and k.
36
Suppose 144 = 3*l - l. Let o be ((252/10)/(-7))/(((-272)/200)/17). Calculate the greatest common divisor of o and l.
9
Let c = 55 - 53. Let o(r) = 8*r**c - 7*r**2 + 10 + 6 + 23*r + r**2. Let u be o(-11). Calculate the highest common factor of u and 5.
5
Let m = 695 + 230. Let n = -605 + m. What is the highest common divisor of n and 60?
20
Let a be ((-4)/(-8))/((-2)/(-888)). Let h = a - 134. Suppose 14*s = 88 + 220. Calculate the highest common factor of h and s.
22
Let i(p) = 39*p - 10 + 4 - 3*p - 24. Let v be i(1). Let q be ((-12)/5)/(2/(-25)). Calculate the greatest common factor of v and q.
6
Let x(q) = 47*q**2 - 2*q - 1. Let s be x(-1). Suppose 247*p - 239*p - s = 0. What is the greatest common divisor of 4 and p?
2
Suppose 245*p - 250*p = -7*f - 4820, 3727 = 4*p + 3*f. Let y(h) = -8*h - 7. Let b be y(-6). What is the highest common divisor of p and b?
41
Suppose -9*l = -10674 - 4437. What is the greatest common factor of l and 146?
73
Suppose m = -2*f - 2*m + 112 + 80, 3*m = 0. What is the greatest common factor of 368 and f?
16
Let m(q) = -6*q + 37. Let y be m(5). Suppose -4*r + 461 = -303. Suppose 8*t = 89 + r. Calculate the greatest common factor of y and t.
7
Suppose -31*l + 7*l + 311952 = 0. Suppose 24*y - 8530 = l. What is the greatest common factor of y and 39?
39
Let d be ((-30)/25)/(1/(-5))*-2. Let r = 13 + d. Let j be (-3)/(3/(2 + -11)). Calculate the greatest common factor of j and r.
1
Let k(s) = -s**3 - s**2 - 3*s**2 + 2*s**3 - 2 - 8*s. Let q be 80/(-8) + 20 - 4. Let w be k(q). What is the highest common factor of 22 and w?
22
Let f(p) = 12*p + 6. Let k be f(-5). Let c be 2/(-3)*k/4. Let n = 3105 + -3104. Calculate the greatest common factor of n and c.
1
Let a be (-86)/(-2) - 10/2. Suppose -4*s + 7*s - 3*b - 1014 = 0, 1364 = 4*s - b. Calculate the highest common factor of a and s.
38
Let s = 22966 - 6721. What is the highest common divisor of 5 and s?
5
Let u = 11417 + -7447. Calculate the greatest common divisor of u and 20.
10
Suppose w + 2*h - 7 = 0, 0*w + 4*w = -h + 35. Let k be w/(-4)*(728/(-3) + -8). Calculate the greatest common divisor of 12 and k.
12
Let m be -1 + 10/8 + (-34623)/(-36). Suppose -4*l + 974 = -g, 0*l + 5*g = -4*l + m. Calculate the highest common factor of l and 27.
27
Let n = -3926 - -3928. Calculate the greatest common divisor of n and 1033.
1
Let i(r) be the third derivative of 7*r**4/8 - 29*r**3/3 - 76*r**2. Let l be i(8). Calculate the highest common factor of l and 1870.
110
Let b(i) = -i**3 + 41*i**2 + 9*i - 26. Let n be b(41). What is the highest common divisor of n and 42?
7
Suppose 493 - 4948 = -11*i. What is the greatest common factor of 15 and i?
15
Let o = -26 - -31. Suppose 2 = 2*l - 4*a + 12, 2*a = o*l - 15. Calculate the greatest common divisor of l and 25.
5
Let j(a) = 4*a**2 - 357*a + 1445. Let x be j(4). Calculate the highest common factor of 13689 and x.
81
Let v(d) = -5 + d**2 + d + 2 + 1 - 6*d**3. Let j be v(-2). Let n be j/9*(-3)/(-2). What is the highest common factor of n and 6?
2
Let s = -49 - 0. Let u = s - -73. Calculate the greatest common factor of u and 78.
6
Suppose 19*u + u = 4020. Suppose -10*j + 199 = -u. Calculate the highest common factor of j and 32.
8
Let z(i) = -29 + 8*i**2 + 26*i**2 - i**2 + 20*i - 2*i**3. Let g be z(17). Calculate the highest common factor of 99 and g.
11
Let m(q) = 15*q - 38. Let r be m(-11). Let o = r + 279. What is the greatest common factor of o and 19?
19
Let u(t) = -15*t**2 - 2*t + 3. Let b be u(1). Let m be (-3)/2*(-23)/((-161)/b). What is the highest common factor of m and 339?
3
Suppose -104 + 1403 = 16*k - 477. What is the highest common factor of 14430 and k?
111
Let l(m) = 235*m + 586. Let f be l(-2). What is the greatest common factor of f and 14558?
58
Let k be ((-69)/(-9))/(-2 - 114/(-54)). Let p = k + -57. Let z be 30/4 + (-12)/8. Calculate the greatest common factor of p and z.
6
Suppose 3*t - 199 = 3*f + 134, -5*t - f = -513. Calculate the highest common divisor of t and 21788.
52
Let v = 230 - 223. Let g be 5005/v + 12 + -7. What is the highest common factor of g and 32?
16
Let v be (-1 - 923)*(-2 - (-10)/(-40)). Calculate the highest common divisor of 11 and v.
11
Let f = -55 - -61. Suppose -q + 4 = 2*h, f*q - 12 = 3*q + h. Let x be 3*(q/2 - (-379)/3). What is the highest common factor of x and 35?
35
Let x = -77973 - -78009. Let l be (-65)/(-7) + (-4)/14. What is the highest common divisor of l and x?
9
L